rt -10010111110111111011 (base 2) to base 9.
-1147284
-27b3 (base 14) to base 9
-10556
Convert 947c3 (base 16) to base 7.
5112110
What is -3007b1 (base 13) in base 3?
-2002122202221
-20120021320 (base 4) to base 14
-412476
-1054172 (base 11) to base 4
-13003232302
Convert ad394 (base 14) to base 15.
8491a
Convert -60201 (base 16) to base 7.
-3226620
Convert -107743 (base 12) to base 5.
-31340422
What is -661514 (base 8) in base 11?
-1418a4
Convert 7e4f (base 16) to base 5.
2013320
132203200 (base 4) to base 12
60514
Convert 1040013 (base 8) to base 16.
4400b
Convert -41638 (base 14) to base 6.
-3213442
What is 3214121 (base 5) in base 2?
1101010000001110
41410420 (base 5) to base 11
213518
What is -424623 (base 9) in base 15?
-4ed46
11010011011011011 (base 2) to base 9
174438
Convert -1100100001100110101001 (base 2) to base 13.
-8ac62b
Convert -991373 (base 13) to base 4.
-31233101030
1161681 (base 9) to base 6
21305544
-5d753 (base 14) to base 15
-47d9c
What is 3114791 (base 11) in base 13?
11a5b6c
Convert -b9a6 (base 15) to base 12.
-1a8b6
3918818 (base 11) to base 8
31716422
What is -714343 (base 9) in base 8?
-1472276
Convert 546415 (base 7) to base 13.
34864
Convert 15050335 (base 8) to base 6.
201253005
Convert -3241212 (base 5) to base 4.
-31213333
21418a (base 12) to base 15
a5ac7
-24663615 (base 7) to base 10
-2234265
What is 30778 (base 9) in base 8?
47541
Convert -33443311 (base 6) to base 11.
-634a59
Convert -57be2 (base 15) to base 13.
-9a262
Convert 66aba (base 13) to base 14.
4bcd9
Convert -11221101010 (base 3) to base 12.
-48326
What is 2ca02b (base 16) in base 2?
1011001010000000101011
What is 961512 (base 10) in base 5?
221232022
-4553550 (base 6) to base 8
-706612
4150663 (base 7) to base 2
1111010000000100011
What is 11202215 (base 6) in base 11?
214499
3cfe4 (base 16) to base 12
1006b0
Convert 781eb (base 16) to base 4.
1320013223
Convert -170524 (base 11) to base 7.
-2150113
Convert -177744 (base 9) to base 13.
-3b4c4
What is -6148c4 (base 13) in base 11?
-1308a43
What is f527a (base 16) in base 13?
292098
What is -7aa725 (base 11) in base 12?
-521413
What is -14330434 (base 5) in base 13?
-5424b
Convert -515500322 (base 6) to base 12.
-2bb76a2
257238 (base 11) to base 15
7ee8c
What is ac171 (base 14) in base 5?
101324013
What is 50155166 (base 8) in base 4?
220031221312
What is -534213 (base 7) in base 11?
-6372a
What is 166665 (base 8) in base 4?
32312311
What is -11340343 (base 5) in base 15?
-214d3
Convert 2291013 (base 12) to base 4.
121121133033
Convert 3160423 (base 8) to base 14.
17d855
1050213 (base 6) to base 5
3200332
2202030212 (base 5) to base 6
245103002
What is 833c82 (base 14) in base 16?
4392fa
Convert -42863 (base 12) to base 4.
-111121023
What is -153c52 (base 14) in base 8?
-2646320
Convert 36261024 (base 7) to base 8.
14232510
What is 1325455 (base 7) in base 9?
285727
What is 1244545 (base 7) in base 13?
58c84
Convert 1002010202112 (base 3) to base 2.
10001100000001101100
What is -3ea58 (base 16) in base 12?
-1045b4
What is -233435 (base 10) in base 9?
-385182
What is 131048a (base 11) in base 16?
22a2f1
Convert -36b18 (base 12) to base 2.
-10010000111000100
-1207612 (base 11) to base 6
-113031235
Convert -2104137 (base 9) to base 10.
-1124962
-105522144 (base 6) to base 16
-1dd430
321423 (base 7) to base 16
d9e3
What is -2100453 (base 6) in base 7?
-601143
64988 (base 12) to base 11
907a2
-164b17 (base 14) to base 9
-1420873
What is -616241 (base 7) in base 12?
-51018
1100 (base 15) to base 16
e10
Convert -25467 (base 12) to base 13.
-1a152
Convert -224325524 (base 6) to base 4.
-33301000330
21210124 (base 5) to base 2
101011101001100101
Convert -2342427 (base 8) to base 14.
-1294a3
Convert -16820aa (base 11) to base 10.
-2857777
Convert -3345120 (base 7) to base 10.
-414750
-13412054 (base 6) to base 9
-760067
Convert -200200011121101 (base 3) to base 10.
-9923590
-1048b23 (base 15) to base 6
-1053040253
-2a45879 (base 13) to base 9
-27345206
-3b7c0 (base 14) to base 6
-3052232
What is -1908b (base 16) in base 11?
-70048
-1613511 (base 8) to base 5
-104332323
What is 41730 (base 11) in base 15?
1301a
Convert -8b3b (base 15) to base 11.
-20207
Convert 1e10d (base 16) to base 8.
360415
Convert -101010011010011000 (base 2) to base 9.
-284262
Convert -53318 (base 15) to base 2.
-1000000011100001100
What is 22875 (base 11) in base 8?
100342
Convert 230333332 (base 4) to base 14.
4b258
1d6881 (base 14) to base 3
1222121201001
Convert -4579a (base 14) to base 7.
-1302253
What is a2760 (base 15) in base 14?
d57bb
Convert 114215216 (base 7) to base 11.
4007a0a
-2a9041 (base 13) to base 4
-3333313112
Convert -17126630 (base 8) to base 14.
-7572ac
232052 (base 7) to base 8
121104
Convert 341031 (base 10) to base 13.
bc2c2
Convert 117e48 (base 15) to base 10.
836843
What is 506180 (base 11) in base 10?
813450
Convert 300424042 (base 5) to base 9.
2207071
Convert -33a8b (base 15) to base 10.
-164381
What is 232123 (base 11) in base 5?
43300313
Convert -1011111010111111001 (base 2) to base 11.
-247556
2226051 (base 7) to base 13
98700
304214 (base 5) to base 16
26ce
602544 (base 9) to base 5
42344242
What is -106ca7 (base 15) in base 7?
-6436201
2163054 (base 9) to base 10
1163533
-1151279 (base 10) to base 16
-11912f
Convert 10110001000011000 (base 2) to base 8.
261030
Convert -145948 (base 10) to base 13.
-5157a
Convert 8094a5 (base 12) to base 3.
10202221221222
What is -1cfc6 (base 16) in base 14?
-313a6
151d9 (base 14) to base 2
1100110100101011
-10101011011011110011110 (base 2) to base 6
-320223130
-250720 (base 9) to base 13
-53c4c
What is 1101111101100010 (base 2) in base 10?
57186
315970 (base 16) to base 15
43d40a
Convert -26106544 (base 7) to base 15.
-31ccb7
What is -320479 (base 13) in base 4?
-10132011001
Convert -200117 (base 12) to base 8.
-1714243
-412153 (base 8) to base 13
-4a067
Convert 1129082 (base 10) to base 9.
2110725
1923093 (base 10) to base 12
788a99
What is 1022324 (base 6) in base 13?
19891
What is -11522335 (base 7) in base 9?
-1841101
What is -37412 (base 13) in base 10?
-101753
Convert -10644842 (base 10) to base 13.
-2289230
Convert 5255681 (base 11) to base 13.
1bc3146
Convert 111032143 (base 5) to base 14.
c9456
What is 2123022032 (base 4) in base 10?
635534
What is -1010222201201110 (base 3) in base 13?
-35483b2
-a855a (base 11) to base 14
-416a4
Convert -535384 (base 9) to base 7.
-2465500
-3176 (base 8) to base 2
-11001111110
What is 150123 (base 10) in base 12?
72a63
-32311423 (base 5) to base 10
-275863
What is -727796 (base 10) in base 5?
-141242141
What is -78e7 (base 16) in base 2?
-111100011100111
-93215 (base 11) to base 14
-377da
-2d694 (base 15) to base 8
-436266
-40982 (base 13) to base 8
-342237
Convert -122010312210 (base 4) to base 7.
-112046631
What is -4347 (base 15) in base 14?
-5294
What is -7c548 (base 16) in base 3?
-221212120100
Convert -761b3 (base 12) to base 16.
-26097
Convert -17a38c3 (base 13) to base 6.
-433242432
14672213 (base 9) to base 15
996176
-100112121201000 (base 3) to base 13
-1087026
-73e2be (base 15) to base 6
-314114055
Convert 6eca1 (base 15) to base 6.
11330111
-352712 (base 13) to base 11
-792404
Convert -1237b8 (base 12) to base 4.
-1020122330
-220202 (base 8) to base 14
-1ccb8
5542423 (base 12) to base 2
111110000001111111011011
What is 33f0 (base 16) in base 11?
9a98
-11202210111210 (base 3) to base 16
-26aec1
What is -42c6a (base 13) in base 8?
-353662
Convert 230298 (base 11) to base 9.
617512
308694 (base 11) to base 14
cc38a
Convert -db28e (base 16) to base 15.
-12aea3
3a1181 (base 12) to base 13
2760a0
-22001210033 (base 4) to base 7
-31223246
What is 12024634 (base 7) in base 16?
104176
Convert -1111001011000110110010 (base 2) to base 9.
-7432271
-23b27a (base 12) to base 2
-10001101011010111110
-112021012122 (base 3) to base 12
-116615
What is -2423332204 (base 5) in base 8?
-25534345
126122 (base 8) to base 10
44114
What is 45672 (base 12) in base 6?
1552222
2c464a3 (base 13) to base 15
13b372e
What is -7776660 (base 8) in base 10?
-2096560
1cbc3c0 (base 13) to base 16
92d7e3
1544501 (base 8) to base 9
747052
-19aab7c (base 13) to base 11
-4870702
What is 10021112313 (base 4) in base 14?
20415d
1421145 (base 7) to bas